{"id":57,"date":"2019-06-15T00:56:25","date_gmt":"2019-06-14T22:56:25","guid":{"rendered":"http:\/\/www.cafe-altes-pfarrhaus.de\/site\/?page_id=57"},"modified":"2025-10-08T13:08:31","modified_gmt":"2025-10-08T11:08:31","slug":"oeffnungszeiten","status":"publish","type":"page","link":"https:\/\/www.cafe-altes-pfarrhaus.de\/site\/oeffnungszeiten\/","title":{"rendered":"\u00d6ffnungszeiten"},"content":{"rendered":"\n<p><strong>Wir befinden uns zu Zeit im Winterschlaf. Das Caf\u00e9 bleibt geschlossen.<\/strong><\/p>\n\n\n\n<p><\/p>\n\n\n\n<p>Unsere <strong>generellen<\/strong> \u00d6ffnungszeiten: <strong>Samstags ab 14:00 Uhr und Sonntags ab 12:00 Uhr<\/strong><\/p>\n\n\n\n<p>Reservierungen f\u00fcr Gruppen ab M\u00e4rz 2026 besprechen wir gerne mit Ihnen individuell .<\/p>\n\n\n\n<p>Falls Sie eine Feier f\u00fcr 2026 bei uns planen, rufen Sie uns gerne auch w\u00e4hrend unseres Winterschlafs an oder schreiben uns eine Mail an info@cafe-altes-pfarrhaus.de<\/p>\n\n\n\n<p><\/p>\n\n\n\n<p><\/p>\n\n\n\n<figure class=\"wp-block-gallery has-nested-images columns-default is-cropped wp-block-gallery-1 is-layout-flex wp-block-gallery-is-layout-flex\"><\/figure>\n\n\n\n<p><\/p>\n\n\n\n<p><\/p>\n","protected":false},"excerpt":{"rendered":"<p>Wir befinden uns zu Zeit im Winterschlaf. Das Caf\u00e9 bleibt geschlossen. Unsere generellen \u00d6ffnungszeiten: Samstags ab 14:00 Uhr und Sonntags ab 12:00 Uhr Reservierungen f\u00fcr Gruppen ab M\u00e4rz 2026 besprechen wir gerne mit Ihnen individuell . Falls Sie eine Feier &hellip; <a href=\"https:\/\/www.cafe-altes-pfarrhaus.de\/site\/oeffnungszeiten\/\">Weiterlesen <span class=\"meta-nav\">&rarr;<\/span><\/a><\/p>\n","protected":false},"author":1,"featured_media":0,"parent":0,"menu_order":0,"comment_status":"closed","ping_status":"closed","template":"","meta":{"ngg_post_thumbnail":0,"footnotes":""},"class_list":["post-57","page","type-page","status-publish","hentry"],"_links":{"self":[{"href":"https:\/\/www.cafe-altes-pfarrhaus.de\/site\/wp-json\/wp\/v2\/pages\/57","targetHints":{"allow":["GET"]}}],"collection":[{"href":"https:\/\/www.cafe-altes-pfarrhaus.de\/site\/wp-json\/wp\/v2\/pages"}],"about":[{"href":"https:\/\/www.cafe-altes-pfarrhaus.de\/site\/wp-json\/wp\/v2\/types\/page"}],"author":[{"embeddable":true,"href":"https:\/\/www.cafe-altes-pfarrhaus.de\/site\/wp-json\/wp\/v2\/users\/1"}],"replies":[{"embeddable":true,"href":"https:\/\/www.cafe-altes-pfarrhaus.de\/site\/wp-json\/wp\/v2\/comments?post=57"}],"version-history":[{"count":92,"href":"https:\/\/www.cafe-altes-pfarrhaus.de\/site\/wp-json\/wp\/v2\/pages\/57\/revisions"}],"predecessor-version":[{"id":1081,"href":"https:\/\/www.cafe-altes-pfarrhaus.de\/site\/wp-json\/wp\/v2\/pages\/57\/revisions\/1081"}],"wp:attachment":[{"href":"https:\/\/www.cafe-altes-pfarrhaus.de\/site\/wp-json\/wp\/v2\/media?parent=57"}],"curies":[{"name":"wp","href":"https:\/\/api.w.org\/{rel}","templated":true}]}}